 l(-3). Let t(b) = b - 6. Let d be t(g). Suppose d*q = -q + 59. Is q a composite number?
False
Let g(u) = u**3 - 3*u**2 + 8*u - 8. Is g(5) composite?
True
Let i be (-3)/(-1) - (-10 + 21). Is 846/4 + 4/i a composite number?
False
Suppose m + 2*m = -102. Let z = m + 47. Suppose -137 = -2*a - z. Is a composite?
True
Let w be 2/(-5) + 4/10. Suppose w = -4*l - 2*v + 6 + 12, 5*l - 2*v - 27 = 0. Let a(o) = 11*o - 2. Is a(l) composite?
False
Suppose 0 = 15*j - 12016 + 961. Is j a composite number?
True
Suppose -4*i + 202 = -5*r, -10 = -0*r - 5*r. Let g = i - 19. Let x = g + 13. Is x a composite number?
False
Suppose -8 = 4*j + 16. Let w be j/(-9) - 622/6. Is (-1)/(-4) - w/4 composite?
True
Let l(x) = x. Let k be l(3). Suppose -882 = -k*h + h. Is 2/(-3)*h/(-6) composite?
True
Let a(d) be the first derivative of 27*d**2/2 + d - 3. Is a(2) prime?
False
Let m(r) = 5*r**2 - 17*r + 17. Is m(12) a prime number?
False
Suppose -303*g - 131 = -304*g. Is g a composite number?
False
Suppose 3 = -4*a + 5*z + 7, -4 = -2*a + 3*z. Let t = a + 10. Is t a composite number?
True
Let j(a) = 41*a. Let b be j(2). Suppose 0 = -2*w - 2, 0 = -q - w + 128 + b. Is q a composite number?
False
Suppose -w + 1171 = 5*t, 0 = -5*t - 2*w - 0*w + 1172. Suppose -4*q - 6 = t. Is ((-6)/(-4))/((-9)/q) a prime number?
False
Let y(i) be the first derivative of i**2/2 - 2*i - 3. Let g be y(2). Suppose -5*m - 3 = -2*p - 450, 2*m - p - 179 = g. Is m prime?
True
Suppose -2*a - 2153 = -3*a. Is a prime?
True
Let v(g) be the first derivative of -g**4/4 + g**2 - 2*g + 3. Is v(-3) composite?
False
Suppose -x - 3 = -5*h, -2*h + 18 = x - 0*x. Is (31/(-2))/(x/(-168)) a composite number?
True
Suppose -3*q + 122 = 2*p, -3*p + p - 4*q + 126 = 0. Is p prime?
False
Let h be 0 - 1/((-2)/(-64)). Let v = h + 45. Is v a composite number?
False
Suppose -3*z - 2*r + 2941 = -7*r, z - 987 = 5*r. Is z composite?
False
Suppose 0 = -3*t + 9, 0 = -3*z - 6*t + 3*t + 15. Suppose -z*o + 2 = -320. Is o a prime number?
False
Let i be ((-6)/(-6))/((-1)/(-258)). Is 20/6*i/4 a prime number?
False
Let i(o) = -253*o - 2. Is i(-3) a composite number?
False
Let w(v) = v**3 + 2*v**2 - v + 12. Let j be w(0). Is 1/(-3) - (-6616)/j composite?
True
Suppose 2*n + 2*n + m = 400, 5*m = 2*n - 200. Suppose -3 = -2*k + 3*k, 5*q + 4*k - 1053 = 0. Let s = q - n. Is s composite?
False
Suppose -5*l + 429 = 44. Is l a composite number?
True
Is -59*(-1 - 0 - 2) a prime number?
False
Suppose 1987 = 5*a + 492. Let l = 532 - a. Is l composite?
False
Let d(c) = c. Let a be d(3). Let k = 0 - a. Is 53/(0/k - -1) a prime number?
True
Let h(s) = -6*s**3 - 3*s**2 - 3*s - 1. Is h(-3) prime?
False
Suppose -2*j + j = -2. Suppose 257 = j*h + 3*p, -3*h = 2*p - 0*p - 383. Is h composite?
False
Suppose 0 = -5*r - 3*v + 263, -2*v = 4*r - 216 + 4. Is r prime?
False
Is (47/(-4) + 2/8)*-2 a prime number?
True
Let l(r) = 47*r - 1 + 3 - 14*r - 7. Is l(4) composite?
False
Let o(a) = -a**3 + 6*a**2 - 3*a - 2. Let m be o(5). Suppose 2*y = -2*y - m. Let s = 37 + y. Is s prime?
False
Is 9/(-9) - 1596/(-2) composite?
False
Suppose 4*k + 12 = 4*r, k + 7 = 2*r - 0*k. Let h = 7 - r. Is h a composite number?
False
Let y(a) = 3 - a**3 + a + 3*a - 5 - 3 + 9*a**2. Is y(8) composite?
True
Let b(w) be the third derivative of 2*w**5/5 + w**3/6 + 3*w**2. Is b(1) a composite number?
True
Suppose -5*b - 785 = -4170. Is b composite?
False
Let r(j) = -2*j + 2. Let d be r(-10). Suppose -2*z + 4*v + 23 = 9, 4*z - d = 5*v. Is z a composite number?
False
Let i(f) = f + 53. Suppose 2*s + 3*l + 7 = 6*l, 0 = 2*s + 4*l - 28. Let z(r) = -r + 4. Let p be z(s). Is i(p) a prime number?
True
Let v(r) = -r**2 + r. Let n(k) = 4*k**2 - 11*k + 2. Let d(l) = -n(l) - 6*v(l). Is d(3) composite?
False
Suppose 3 = -2*f + 1. Let p = 3 - f. Suppose -3*w + 0*v + 2*v + 151 = 0, -p*v = 3*w - 175. Is w a composite number?
False
Suppose 0 = -r + 3*r - 5*p + 37, -5*r - 2*p - 20 = 0. Let q be (r/(-9))/(1/210). Let g = q + -61. Is g composite?
False
Suppose -13193 = -16*x - 505. Is x a composite number?
True
Let d = -244 + 73. Let o = d - -445. Is o a prime number?
False
Let n(k) = 6*k**2 - 4*k - 1. Let p(i) = 2*i**3 + 4*i**2 + 3*i + 2. Let v be p(-2). Is n(v) prime?
False
Suppose 0*v = 6*v - 5010. Is v a prime number?
False
Let v(l) = -54*l - 5. Is v(-4) a prime number?
True
Suppose 4*u = -x + 4*x - 10, 0 = x + 2*u. Suppose 4*j - 6 = -x. Is (j + -2)/1*-31 prime?
True
Suppose -5*v - 4*y + 1877 = -5408, -3*y = 3*v - 4368. Let f = 2216 - v. Is f a composite number?
True
Let l(o) = -46*o + 4. Let c(m) = m**3 - 6*m**2 + 6*m - 1. Let t be c(5). Let r be l(t). Let v = r - -437. Is v prime?
True
Suppose -3*f = 3*o - 4884, -o = -6*o + 3*f + 8100. Is o prime?
False
Suppose -r - 506 = -4833. Is r a composite number?
False
Suppose 2*n - 5 = -1. Is n prime?
True
Let w = 2755 + -1066. Is w prime?
False
Suppose -62*a - 4257 = -71*a. Is a a prime number?
False
Let j(k) = 21*k**3 + 4*k**2 - 2*k - 2. Is j(2) composite?
True
Suppose -3*i = -0*i - 771. Is i a prime number?
True
Let j(k) be the third derivative of 31*k**4/24 + 13*k**3/6 - 6*k**2. Is j(6) composite?
False
Suppose -6*h + 11*h = -4*j + 627, 3*j = -2*h + 255. Is h a prime number?
False
Is 2/(-8)*0 + 491 composite?
False
Is (-82)/(-1) + (6/(-3))/(-2) a prime number?
True
Suppose 2*q = 4*q + 316. Let c(r) = -3*r**2 - 1. Let z be c(6). Let v = z - q. Is v composite?
True
Let k(l) = -15*l**3 - l - 1. Is k(-2) composite?
True
Suppose 2*l + 2 = 0, m + 2*m - 3*l = 2310. Is m a prime number?
True
Let z = -822 + 3409. Is z prime?
False
Let r(v) = 8*v**2 + 2*v + 1. Let y be r(-1). Suppose 3*b = y*b - 12. Is 46/3 + (-1)/b a composite number?
True
Let z be 1/(-3*2/(-1206)). Suppose -2*x - z = -3*x. Is x prime?
False
Suppose -2*v - 1 = -21. Let p(b) = b**2 - 9*b - 4. Is p(v) prime?
False
Suppose 4*g - 29 = o, 5*g = -0*o - o + 25. Let b be 16/12*9/4. Suppose b*l - g*l = -21. Is l a composite number?
False
Let i = 272 + -125. Suppose -2*r = r - i. Is r a composite number?
True
Let u(l) = -l + 5. Let a be u(-4). Let q = a + -8. Is q/((-3)/(-3 - 198)) prime?
True
Let c be (-2)/11 + 255/11. Suppose 0 = 2*q - 49 - c. Let i = q + 41. Is i prime?
False
Let h(m) = -2*m + 201. Let g be 0/(3 - (3 + -1)). Is h(g) composite?
True
Let a(m) = 520*m + 1. Is a(1) a composite number?
False
Suppose 3*w - 3*d - 93 = 0, -w + 2*d = 2*w - 95. Suppose 0 = -2*k + 5 + w. Is k a composite number?
False
Let y be (-14)/4 + (-1)/(-2). Let i be (6/(-9) - 0)*y. Suppose i = -2*b, -2*z - b + 107 = -2*b. Is z a prime number?
True
Let r be 1/6 + (-57)/18. Let y be r/1 - 1*-7. Suppose -l + y = -85. Is l a composite number?
False
Let f be 19/((-3)/(-60) - 0). Let m = f - 129. Is m prime?
True
Let r(h) = h + 2. Let n be r(-2). Suppose 5*g - 2*g + 6 = n. Is 1 + 12/g*-13 a composite number?
False
Let h be 0 + -2 + 55 - 0. Let u = -34 + h. Suppose i - 2*i = -u. Is i composite?
False
Let z = -508 - -143. Let p = -180 - z. Is p prime?
False
Suppose -k - m + 6 = 0, 8*k + m - 26 = 3*k. Suppose -4*g - k*q = -7*g - 2941, -q + 4865 = -5*g. Is g/(-8) - (-2)/(-4) prime?
False
Suppose 11 = -3*g - 4. Let n(k) = 0*k**2 - 4 - k**2 + 2*k**2. Is n(g) composite?
True
Let v(j) = -7*j - 7. Let y be v(-3). Suppose 18*i = y*i + 556. Is i a prime number?
True
Let m = 435 - 236. Is m prime?
True
Let p(d) = -d - 3. Let k be p(6). Let s(v) = 2*v**2 - v - 8. Is s(k) prime?
True
Suppose -p - 3 = -2*t + 10, -3*t + 51 = -5*p. Let l = 5 - p. Is l a composite number?
True
Let m(h) = 2178*h**2 - 2*h + 1. Is m(-3) a prime number?
True
Let o(l) = l**3 + 8*l**2 - 6*l - 1. Is o(6) prime?
True
Let c(i) = 1. Let x(b) = 45*b + 1. Let f(g) = -5*c(g) + x(g). Is f(3) composite?
False
Let l(y) = -24*y - 1. Is l(-4) composite?
True
Is (35/(-1) - 0)*60/(-100) composite?
True
Suppose -3*f + 220 = -533. Is f a composite number?
False
Suppose -3*c + 2*z = -12, 8*c - 3*c - 20 = 5*z. Let o = 51 - c. Is o a prime number?
True
Suppose 26 + 9 = 5*m. Suppose -v + i + m = -7, 0 = -2*v - 4*i + 34. Let z = v - -64. Is z a composite number?
False
Let m = -499 - -2918. Is m prime?
False
Let c be (-1)/(-5) + 29/5. Let q(f) = -f**3 + 7*f**2 - 5*f - 4. Let y be q(c). Suppose 2*x = 3*z - 35, -y*z + z = -3*x - 7. Is z a prime number?
True
Suppose -3*u = -g - 2*g - 228, g = -3*u + 240. Is u